 be (-3 + 18/4)*2. Let s(k) be the second derivative of 3*k**4/2 + 3*k**2/2 + 56*k. List the prime factors of s(i).
3, 5, 11
Let k = 29938 - 1969. List the prime factors of k.
3, 9323
What are the prime factors of (96/(-120))/((-8)/376980)?
2, 3, 61, 103
Suppose -5*p - 24 - 38 = -3*l, -60 = -3*l + 3*p. Suppose -24*q + 300 = -l*q. Suppose q*u - 642 = 54*u. List the prime factors of u.
107
List the prime factors of 19/(-77) + 135/315 - (-77940)/33.
2, 1181
Let l(o) = 3*o**2 - 15*o + 29. Let v be l(3). List the prime factors of 965 + (4 - v - -4).
2, 13, 37
Let n = -62 - -66. Suppose 0 = -n*b + 499 - 35. Suppose b + 93 = 11*g. List the prime factors of g.
19
Let i be 1 - ((-1)/((-6)/18) - 247). Let n = 252 - i. What are the prime factors of n?
7
Suppose -3*o - 2274 = 3*c - 7*c, -1702 = -3*c + 4*o. Suppose 5*u = 10*u - c. Let k = u - 73. What are the prime factors of k?
41
Let a be 556/10 + 2 + 13/(-5). Let w be 187/a - (-6)/(-20)*-2. Suppose 3*c - 20 = -w*u, 2*u + 2*c + 0*c - 12 = 0. List the prime factors of u.
2
Suppose -193*a = 12*a - 1068460. What are the prime factors of a?
2, 1303
Let x(m) = -m + 12. Let w be x(-5). Suppose -c + 217 = -19*f + w*f, c - 223 = 4*f. List the prime factors of c.
211
Suppose 0 = -14*b + 25 + 31. Let d(c) = 79*c - 59. What are the prime factors of d(b)?
257
Suppose -3*w - 6 = 0, 2*n = -2*n - 5*w - 30. Let v be -2 + n - -4 - -5. Suppose -k = -3*q - 51, 0 = -2*q + v + 8. List the prime factors of k.
2, 3, 11
Suppose 2*i - 14 = -5*m, i = -4*m + 2*i + 19. Suppose 0 = -4*r + m*k + 4, -2*r + 30 = 4*k + k. Suppose -169 + 19 = -r*b. List the prime factors of b.
2, 3, 5
Let a be 2/(-5) + 159/(-15). Let m = a + 15. Suppose -m*b + 4 = -12. List the prime factors of b.
2
Let a = 50 - 53. Let w be (695/10 - 4)/(a/(-12)). Suppose -5*i + w = -253. What are the prime factors of i?
103
Suppose v = g - 1596, -g + 1608 = 7*v - 4*v. Let m = -869 + g. List the prime factors of m.
2, 5, 73
Suppose 3*j - 87917 - 22583 = t, 35 = -5*t. What are the prime factors of j?
3, 12277
Let b be 156 - -1 - (4 + -2). Suppose -5*l + 3*r - r = -b, -r = -l + 34. List the prime factors of l.
29
Let p be 2 + -4 - (5 + -3 + -18). Suppose 2*q - p = -10. Let j(b) = 118*b + 5. What are the prime factors of j(q)?
241
Let k(v) = -357*v**3 + 23*v**2 - 22*v - 10. What are the prime factors of k(-4)?
2, 19, 613
Suppose w = -0*w + 8. Let c(x) = -6 - w - 3*x - x**3 - 8*x**2 + 24 - 6*x. What are the prime factors of c(-8)?
2, 41
Suppose 5*n - 63 = 3*y - 0*y, 3*y - 9 = -n. Suppose 13*r - 261 = n. Suppose 23*z - r*z - 236 = 0. What are the prime factors of z?
2, 59
What are the prime factors of (-6)/117 - (-142523789)/5421?
61, 431
Let d be ((-4)/4 - -4)*1. Suppose 4*i - 3*c = 57, i - c = -4*c + d. Let p = 60 - i. What are the prime factors of p?
2, 3
Let y be 360/(2 + 0)*(2 + 0). Suppose -4*f + y = -384. What are the prime factors of f?
2, 3, 31
Let f(s) = 2*s**2 + s + 7. Let w be (9/6)/((-33)/44). What are the prime factors of f(w)?
13
Suppose 172*v - 4222478 = -127*v. List the prime factors of v.
2, 23, 307
Suppose 11*v + 6 = 13*v. Suppose 4*c - 1088 - 2795 = -5*h, c - 2334 = -v*h. What are the prime factors of h?
19, 41
Suppose -1637 = -80*z - 1157. Suppose 0 = -10*l + 5*l - 2*h + 25, -3*l = h - 16. Suppose z*d = l*d - 213. List the prime factors of d.
3, 71
Suppose 0 = -3*h - m + 1747, -4*m = 15*h - 2*m - 8723. List the prime factors of h.
7, 83
Suppose 12*g - 605 - 14995 = 0. Let d = 2509 - g. List the prime factors of d.
3, 13, 31
Let f be (-657)/27 + (-1)/(-3). List the prime factors of (-2 + 70/(-4))/(f/80).
5, 13
Let t be (-1)/4 - (-58)/8. Suppose -t*b + 187 = 4*b. List the prime factors of b.
17
Suppose -16 = -2*q, -25*s = -22*s + 2*q - 98605. What are the prime factors of s?
59, 557
Suppose c + 5 = -5*k + 6*c, -3*k + 5*c = 7. List the prime factors of 644/16 - -2*k/(-8).
2, 5
Let a(w) be the third derivative of 9*w**4 + 17*w**3/6 - 146*w**2. List the prime factors of a(3).
5, 7, 19
Let o(i) = i**2 - 4*i - 3. Let k be (-8)/12*-6*(-3)/(-2). Let y be o(k). Suppose y*b = -7*b + 2352. List the prime factors of b.
3, 7
Suppose -2*r = -3*o + 229, -5*o - 3*r = -7*o + 156. List the prime factors of (o - (-1)/1) + (7 - 4).
79
Suppose 8093 + 461 + 12138 = 28*w. What are the prime factors of w?
739
Let o(t) = -26439*t**3 - 3*t**2 - 12*t - 10. List the prime factors of o(-1).
2, 13219
Let k be ((-130)/20 - -5)/(6/32). List the prime factors of (k/12)/((-7167)/1791 - -4).
2, 199
Let k = -158 + -556. Let y = k + 1046. What are the prime factors of y?
2, 83
Let u be 54 - 4*-4*(-3)/16. Suppose -u = -4*l + 5*s, 3*l + 3*s = -s + 15. Suppose 10 = -l*y + 14*y. List the prime factors of y.
2
Let i(k) = 1105*k**3 + 2*k**2 - 2*k + 2. Let w be i(1). Suppose 27*v - w = 1566. What are the prime factors of v?
3, 11
Suppose 0 = 7*v - 12 - 2. Suppose -v*m + 5*m = 210. Let o = m - 11. List the prime factors of o.
59
Suppose -2165948 + 932281 = -212*m + 1832277. What are the prime factors of m?
2, 7, 1033
Let j = 9704 - 18839. Let g = 4983 + j. What are the prime factors of (0 - 2/7) + g/(-28)?
2, 37
Let g = 296 + -288. Suppose 4*n - 396 = -s, -2*n + 3*s - g*s + 180 = 0. List the prime factors of n.
2, 5
Let d(v) = -v**3 + 42*v**2 + 3*v - 82. Let k = -355 + 397. What are the prime factors of d(k)?
2, 11
Let c(o) = 95*o**2 - 47*o - 10. What are the prime factors of c(9)?
2, 3631
Let v(r) = -1545*r**3 - r**2 - 2*r - 9. List the prime factors of v(-2).
3, 23, 179
Suppose -16*w + 37*w = 357. Let t(r) = r**2 - 10*r + 104. List the prime factors of t(w).
223
Let h be (-6)/(-8) - 2990/104. Let b = 208 + h. What are the prime factors of b?
2, 3, 5
Suppose 195 = -3*i - z, -3*z - 265 = 4*i - 0*i. Let t = i + 67. Suppose -3*y + 285 = -5*u, 0*u = 5*y + t*u - 475. List the prime factors of y.
5, 19
Let i(r) = -3*r**2 + 7*r. Let k be i(5). Let a = k - -46. What are the prime factors of -3 + 1 - (-2)/(a/177)?
3, 19
Let l = -2 + 78. Suppose 4*n - 8 = l. Let b = 10 + n. List the prime factors of b.
31
Let c be (-1671)/(-5) - 5/25. Let g(z) = 14*z**2 + 3*z + 3. Let i be g(-4). Suppose 0 = -9*u + i + c. List the prime factors of u.
61
What are the prime factors of (2 - -737)*(93 - 86)?
7, 739
Suppose 0 = 437*n + 14212928 - 46903587. List the prime factors of n.
239, 313
Let m = 1294 - 838. Let j = m + -231. List the prime factors of j.
3, 5
Let y(x) = 5*x + 26. Let l = 30 + -37. Let h be y(l). List the prime factors of (-6)/h + (-8)/(-6).
2
Suppose 0 = 6*j + 27*j - 396396. Suppose j = 7*l + 3668. List the prime factors of l.
2, 149
Let n = 26 - 26. Suppose -2*t - 21 + 359 = 3*q, -2*q - 5*t + 240 = n. What are the prime factors of q?
2, 5, 11
Let o(p) = -1000*p**3 + 45*p**2 + 88*p + 5. List the prime factors of o(-2).
8009
Let h(i) = -i**3 + 36*i**2 - 68*i - 9. Let b be h(34). What are the prime factors of (-5334)/b - 50/30?
3, 197
Let n(w) be the third derivative of -w**5/60 + 7*w**4/12 + 353*w**3/3 + 243*w**2. List the prime factors of n(0).
2, 353
Let y(l) = 2*l**2 + 97*l + 5. Let b be y(-64). Suppose 10*d = 19*d - b. What are the prime factors of d?
13, 17
Let f(s) = 384*s**2 + 97*s - 27. What are the prime factors of f(-5)?
2, 71
Let d(k) = -108*k - 286. Suppose -31 - 50 = 9*l. List the prime factors of d(l).
2, 7
Let t = 753 + -741. Suppose t = -4*f, 12*b - 16*b + 3035 = -f. What are the prime factors of b?
2, 379
Let i(s) = -s**2 - 324*s + 159*s + 140*s + 11. List the prime factors of i(-15).
7, 23
Let q = 5941 - 4903. List the prime factors of q.
2, 3, 173
Suppose 85*r - 44 = 84*r. Suppose r*g - 37*g - 4732 = 0. List the prime factors of g.
2, 13
Let p(y) = 21*y**2 + 4*y - 17. Let s(o) = 62*o**2 + 10*o - 50. Let f(c) = -14*p(c) + 5*s(c). What are the prime factors of f(-6)?
2, 3, 5
Let z(f) = 3*f**2 + 2*f - 3. Suppose -c - 22 = -g - g, -44 = 3*c + 5*g. Let w be (0 + -12)*9/c. List the prime factors of z(w).
3, 13
Let o = -164 + 166. Suppose 153 + 325 = d + i, o*i - 476 = -d. List the prime factors of d.
2, 3, 5
Suppose 0 = -4*b + 5*j - 659 - 911, 5*b = -3*j - 1981. Let x = b + 1271. What are the prime factors of x?
2, 3, 73
Let u(n) be the second derivative of 2*n**3 + 11*n**2/2 + 1705*n. Let b be (-2 - -10) + (-1)/1. List the prime factors of u(b).
5, 19
Let p(k) = -8102*k + 82. What are the p